 276 = 0. Let p = -24157 + 24185. Calculate the highest common factor of y and p.
28
Suppose -4 - 16 = -4*n. Suppose -n*u - 15 = -55. Let m(z) = 3*z + 31. Let y be m(-9). Calculate the greatest common factor of u and y.
4
Let s = -3186 + 4518. Calculate the greatest common divisor of s and 594.
18
Let c be 70 + 19684/399 - ((-4)/15 + 2/(-5)). Suppose 53 = 3*g - 22. Let b = g + 23. What is the highest common factor of c and b?
24
Let p = 1000 + 971. Calculate the greatest common divisor of 438 and p.
219
Suppose -4*v + 3*w = -9*v + 36578, -21942 = -3*v - w. Calculate the highest common factor of v and 16.
16
Let t(s) = 21*s**3 - 2*s**2 + 7*s - 5. Let d be t(1). Calculate the highest common divisor of 2268 and d.
21
Suppose 2*h = 1208*f - 1204*f + 13620, 5*f + 34025 = 5*h. Calculate the highest common factor of 204 and h.
68
Suppose 5*b + 4170 = 10*b - 3*v, 0 = -3*b + v + 2498. Let p = b + -706. Calculate the greatest common divisor of 225 and p.
25
Let p(k) = 2*k + 2. Let h(b) = -87*b + 226. Let g(s) = -h(s) - 4*p(s). Let t be g(4). Calculate the greatest common factor of t and 4.
2
Suppose 2*g + a + 8 = 9, 21 = 2*g - 3*a. Let k be (-1)/(g*8/(-696)). Calculate the highest common divisor of k and 319.
29
Let b = -23368 + 23401. What is the greatest common divisor of 15499 and b?
11
Let s(b) = -4*b - 125. Let t be s(-32). Suppose t*w - 22 = g, 23*g + 6 = 2*w + 18*g. Calculate the highest common factor of w and 84.
4
Let p be (-66)/110 - ((-2)/(-6))/(60/(-1908)). What is the greatest common factor of p and 1538?
2
Let x(n) = -n**2 - 13*n + 14. Let y be x(-14). Suppose y = -r - h + 150, 0*h = r + 2*h - 155. Calculate the greatest common factor of 58 and r.
29
Suppose 5*p - 4*n = 816, -p = -4*p - 5*n + 534. Calculate the greatest common factor of 648 and p.
24
Let j = -1108 + 1323. Suppose -7*p + 419 = -484. Calculate the greatest common divisor of j and p.
43
Let n = -2855 - -4345. Calculate the highest common divisor of 10 and n.
10
Suppose -151*u + 4935 = -104*u. What is the greatest common divisor of u and 255?
15
Let h = -25189 + 25205. Calculate the highest common factor of h and 20512.
16
Let d = 11387 - 8297. What is the greatest common factor of d and 150?
30
Suppose -4*h = -8, -2*k + 7*h + 8442 + 7542 = 0. What is the highest common factor of k and 38?
19
Let a be 89/(-1513) + (-462)/(-51). What is the greatest common divisor of 186 and a?
3
Suppose g - p + 80 = 0, 3*p - 4*p - 166 = 2*g. Suppose 4*a + 68 = c, -242 = -4*c - 4*a + 130. Let f = g + c. What is the greatest common factor of f and 12?
6
Suppose q - 4*s - 134 = 0, 0 = -4*q + 4*s - 159 + 659. Suppose 4*r + d + 2*d - q = 0, 164 = 5*r - 2*d. What is the highest common factor of 8 and r?
8
Let t(o) = -2*o - 73. Let l be t(22). Let d be (-78)/8*2184/l. What is the highest common factor of 28 and d?
14
Suppose -40*d - 124 = -71*d. Let j(n) = -n**3 + 3*n**2 - 1. Let v be j(2). Let z be 14/(-21) + 38/v. What is the greatest common divisor of z and d?
4
Suppose -838*u - 562 = -840*u. Suppose -5*g = 4*h - u, -3*g = -h + 42 - 197. Calculate the greatest common factor of g and 212.
53
Let h be 7*((-36)/(-3) + -2). Let k = 42 + -381. Let n = k + 353. What is the highest common factor of h and n?
14
Suppose -2*q - 5*i - 599 = -58, 5 = -i. Let f = q + 445. What is the highest common divisor of 17 and f?
17
Let w(u) = -204*u - 6751. Let x be w(-34). What is the greatest common divisor of x and 12173?
37
Suppose w + 1 = 47. Suppose -w*y = -44*y - 210. Calculate the highest common divisor of y and 15.
15
Let u = 1 - 0. Suppose 0 = -2*x - u + 5. Let l be 1/(-3)*1/(1316/264 + -5). Calculate the highest common factor of l and x.
2
Suppose 43*g - 3612 = 21156. Calculate the greatest common divisor of 72 and g.
72
Suppose o - 5 = 0, o - 6*o - 35 = -5*x. Calculate the greatest common factor of 132 and x.
12
Let k = -102 - -162. Let c be (2 - 1)/(12/180). What is the greatest common factor of k and c?
15
Suppose 57*w + 180 = 62*w. What is the highest common divisor of 10206 and w?
18
Let h(k) be the second derivative of k**4/6 + 4*k**3 + 71*k**2 + 7*k - 6. Let y be h(-11). What is the highest common divisor of y and 24?
24
Let v(z) = -z**3 + 21*z**2 + 22*z + 4. Let i be v(22). Let o(a) = 27*a - 17. Let j be o(i). Let u = j + -67. What is the highest common divisor of u and 132?
12
Let r = -33177 - -34613. Calculate the greatest common factor of 36 and r.
4
Let t = -463 - -122. Let u = 377 + t. Calculate the greatest common factor of 684 and u.
36
Let d(k) = k - 5. Let h be d(5). Suppose 3*n = -2*a + 13, -41 = -h*n - 3*n + 5*a. What is the greatest common factor of n and 5?
1
Suppose p - 4*p - 4*t = -2416, -p + 806 = 2*t. Calculate the greatest common divisor of p and 12.
12
Let t(w) = 73*w + 134. Suppose -45*j + 40*j = -80. Let m be t(j). Calculate the greatest common factor of m and 93.
93
Suppose 18*u + 2286 = 112986. What is the highest common factor of u and 300?
150
Let y(g) = 5*g + 15. Let b be y(-2). Suppose -5*m + 21 = b*d - 14, 0 = -m - 2. Calculate the greatest common factor of d and 72.
9
Suppose 0 = -2*l - 2*g - 10 + 22, 0 = -4*l + 4*g. Suppose 3*n = n + 12. Let v be (-48)/(-40)*20/n. What is the highest common factor of l and v?
1
Let d(r) = 3*r**2 + 46*r - 24. Let b be d(33). Calculate the greatest common divisor of 828 and b.
207
Suppose 3 = -3*o + 3*l, o + 2 - 17 = -3*l. Suppose 32892 - 3033 = 269*w. Calculate the highest common factor of w and o.
3
Let p(a) = 27*a**3 + 2*a**2 - a. Let f be p(1). Let c be 6*(1000/(-25) + 42). Calculate the greatest common divisor of f and c.
4
Suppose -n + 5*n + 2*f + 12 = 0, 0 = 4*n - 5*f - 2. Let d be n + ((9 - -2)*4 - 0). What is the highest common divisor of d and 210?
42
Let b be 51/6 + (4 - (-6)/(-4)). Suppose -5*q = f - 248, -8*q = -4*f - 6*q + 1014. Calculate the greatest common divisor of b and f.
11
Suppose 0 = 5*w - 20*w + 540. Let i be 8/(0 - -2) - 1208/(-4). Calculate the highest common factor of i and w.
18
Let w(g) = -4*g**2 - 10*g + 3. Let y be w(-2). What is the highest common divisor of 107 and y?
1
Let b(h) = h**3 - 11*h**2 + 15*h - 5. Let k be b(11). Let c = k - -126. Calculate the greatest common factor of c and 11.
11
Let q be 2/(9/(-11) - -1). Let w = -412 + 507. Suppose 5*t - 3*z - 290 = 0, 2*z = 2*t + 5*z - w. Calculate the greatest common divisor of q and t.
11
Let c = -30 - -58. Suppose 3*d = 2*n - 4*n + 26, 3*n - 28 = d. Let l be (6 - n)*21/(-12). What is the highest common factor of l and c?
7
Let o be (-2)/((88/64)/(-11)). Calculate the highest common divisor of o and 174.
2
Let m be ((-42)/2)/((-4)/(-4)). Let u be 1 + 18 + -34 + 41. Let q = u + m. What is the highest common factor of q and 15?
5
Suppose -2577 + 2200 = -12*n + 5803. Calculate the highest common divisor of n and 103.
103
Let h be (7*-1)/(-29 - -28). Let y = -450 + 457. Calculate the highest common divisor of y and h.
7
Suppose 0 = 18*m + 79*m - 16005. What is the greatest common factor of 405 and m?
15
Let h(s) = -11*s**2 + 71*s + 97. Let z(f) = -4*f**2 + 24*f + 33. Let d(i) = 3*h(i) - 8*z(i). Let q be d(12). What is the highest common factor of 15 and q?
15
Let v = 73 - 40. Let d(z) = 24*z + 16. Let t be d(3). Suppose 10*i - t - 242 = 0. Calculate the greatest common divisor of i and v.
33
Let p be (-1 + 1 + 1)*2. Suppose -a = -7*a. Let w be (a + 1)*(3 + 19). What is the greatest common divisor of w and p?
2
Let k = 59 - -105. Let f = k - 29. Calculate the greatest common factor of 30 and f.
15
Let z(s) = -s. Let q be z(-3). Let x(h) = 25*h**q - 6*h**2 - 32*h**3 + 5*h**2 - 36*h**3. Let f be x(-1). Calculate the highest common factor of f and 28.
14
Suppose -7086 - 9519 = -9*y. Let a = y - 1237. What is the greatest common divisor of 38 and a?
38
Suppose 0 = -40*z + 34*z + 2358. Suppose -9*i = -777 - z. Let m = 45 - 19. What is the highest common factor of i and m?
26
Let l = -28 - -40. Suppose 7*c = l*c - 340. What is the greatest common divisor of 170 and c?
34
Let n(m) = 9*m**2 - 10*m - 4. Let j be n(4). Let c be 2/(-5) - (-5969)/235. What is the greatest common divisor of c and j?
25
Let z = 3022 - 2994. Calculate the highest common divisor of z and 1918.
14
Suppose 32*r - 31*r = -5*v + 91, -2*v + 38 = 2*r. Suppose 5*b + 0*b = 60. Calculate the greate